- (-26 + 24) - -9?
7
(-2 - -3 - 1) + (-2104 - -2102)
-2
Calculate 9 + -5 + 15 - 23.
-4
What is -19 + 0 + 3 + -1 - -6 - 5?
-16
Evaluate -2 + 11 + 13 - (-3 + 13).
12
What is 0 - (-11 + (-10 - -3))?
18
What is the value of (-3 + 6 - (-10 - 3)) + -7 + 7?
16
What is the value of 18 + 6 - (1 + 8 + (45 - 58))?
28
8 - 1 - (6 - (-7 - -7) - -8)
-7
12 + -15 + 13 + (-8 - (25 + 8))
-31
Evaluate 6 - 15 - (28 + -24) - -29.
16
Calculate 30 + -24 - (15 - (6 + 0)).
-3
What is (0 + -7 - -14) + -116 + 86?
-23
(-5 - -2) + 0 - 0 - (-142 - -153)
-14
What is 76 + -64 - ((9 + 1 - 6) + 17)?
-9
Calculate 9 + -6 + -2 + -5 - 7.
-11
What is the value of -5 + (6 - -5) + 2?
8
What is -20 - (-3 + -3 + -5)?
-9
(-11 + -16 - -14) + 19
6
Evaluate 1 - 4 - (-3 - -10) - -10.
0
What is the value of 6 - 12 - -26 - 7 - (-1 + 1)?
13
-1 - 0 - (118 - 125)
6
What is the value of 40 + (-1 - 11) + -9?
19
What is the value of -21 - (-7 - (-25 - -45))?
6
Calculate 1672 + -1676 - ((-2 - (-2 + -11)) + 0).
-15
What is the value of -5 - (3 - (1 - 4) - -5 - 5)?
-11
Calculate (9 + -10 - 15) + 8 + -3.
-11
Evaluate (-4 - -18 - 22) + -1.
-9
Calculate 7 + (22 - 12 - 9).
8
Calculate (-8 - 0 - -21) + -116 + 119.
16
What is the value of 2 - -3 - (10 + 11 + 3)?
-19
Evaluate 9 + (0 + -42 - -18).
-15
What is -1 + -23 - -10 - -3?
-11
Calculate 2 + 2 + 1 + 2 + 3 + -5.
5
Calculate 19 + -8 + (-14 - (-5 + -11)).
13
5 + 0 + (-36 + -12 - -65)
22
What is 1 + (13 - -16 - 42)?
-12
-16 + 12 - (5 + (-2 - 6 - -3))
-4
What is -20 + -8 + (10 - (-4 - -1))?
-15
Calculate (1 - -1) + -2 + -6 + (15 - 11).
-2
Evaluate 9 + (-5 - (-13 - -9) - 0).
8
-23 + 6 + 12 - -4
-1
Calculate -3 + -38 - -57 - (-1 + (1 - 3)).
19
8 + -23 + 8 + 15 + (2 - -1)
11
What is the value of 16 - (-17 + -32 + 57)?
8
Calculate 6 + -15 + (-24 - -24 - (-3 + 4)).
-10
Evaluate -1 + 6 - (-8 + 11 + 2 - 6).
6
Calculate 7 - -3 - (30 - 15) - (1 - 10).
4
15 + -34 - -3 - 1
-17
Evaluate 9 + (0 + (1 - -2) - 3).
9
What is the value of -47 + 57 + (-7 + -1 - -3)?
5
What is the value of 50 + -63 + (3 - 2 - (4 + 0))?
-16
Calculate (-6 - (-2 - -3)) + (-7 + 31 - 2).
15
What is the value of 16 - (1 - (-27 - -19))?
7
What is -21 + (19 - (19 + -16))?
-5
Evaluate 317 + -323 + (-1 - 18) + 2.
-23
Calculate -26 + (18 - -7) - 11.
-12
What is -12 - (2 + 2) - -16?
0
Calculate (0 + 11 - 18) + (3 - -2) + 14.
12
50 + -60 + (-3 - -21) + (-1 - -11)
18
-30 + -6 + 28 + -10 + -8
-26
Calculate 8 - (-5 - -8 - -2).
3
Calculate 41 + -25 - 8 - 21.
-13
What is the value of (-123 - -124) + 1 + -4 - (-7 + 0)?
5
0 + 15 - -5 - 14 - 13
-7
What is 1 - (-5 + (-5 - (0 - 4)))?
7
Calculate (2 - 8 - -7) + 0 + 8.
9
Calculate (28 + -16 - 20) + 12 + 0.
4
What is the value of 12 + 30 + -36 + 2 + 2 + -2?
8
Evaluate -17 + 7 + -1 - ((16 - 10) + -13).
-4
What is -14 - (10 - -1 - (-197 + 211))?
-11
Calculate 2 + (-10 - -28) - (2 - -14).
4
What is the value of 1 + 1 + (-1275 - -1307)?
34
What is the value of 34 + (-64 - (1 - 26))?
-5
What is the value of (-6 - -1) + ((-7 - -4) + -8 - -7)?
-9
What is the value of (-25 - -63) + -36 - (0 + 24)?
-22
What is -6 + 20 + -23 + 9?
0
What is -5 + 4 + (22 - 40) + 4?
-15
Calculate 1 + -7 + (-60 - -70) + (3 - 17).
-10
What is the value of -5 - (0 - -1 - (-38 - -33))?
-11
Evaluate 1 - (6 - 6 - -17 - 10 - -15).
-21
Evaluate 33 + -61 - -21 - -37.
30
What is -16 - (-28 + 15 + -2)?
-1
What is (136 - 128) + -13 + -1 + -5?
-11
Evaluate 14 - -2 - (-17 + 14 - -12).
7
Calculate -4 + (18 + -24 - (-4 + 12)).
-18
What is the value of -59 + 74 - (6 - 2)?
11
Calculate 12 + (-17 - -36) - 18.
13
What is the value of 10 + -3 + (-9 - -7) + 16?
21
Calculate (1 - -5) + 79 + -70 + (2 - 16).
1
Calculate 2 - 6 - (5 + 4 + (-2 - 3)).
-8
-10 - (17 + -11) - 4 - -9
-11
-40 - (-21 + 11) - 1
-31
Calculate 14 + -3 + -34 + 22.
-1
What is -6 + (5 - -32 - -2) + -12?
21
What is the value of 31 + -36 + (4 - 5)?
-6
What is (61 - 28 - 70) + 29?
-8
What is 1 - (4 + -8 + 11) - (0 + 0)?
-6
Evaluate 17 - (31 - (15 + -11)).
-10
Evaluate (94 - 80) + (5 - 6) + -6.
7
What is the value of 2 + 10 + (1 - 1) - 19?
-7
What is -40 + 57 + (4 - -1) - 3?
19
Evaluate -24 + 2 + 12 + 6.
-4
What is the value of 123 + -105 - (20 - 0)?
-2
Evaluate -5 + 0 + 9 + -2 - -1.
3
(-3 - -9 - (11 + -26 + 13)) + 8
16
-1 - ((-1 - -1) + 4) - (65 + -76)
6
What is the value of -4 + (-14 - 0) + 32 + -23?
-9
-40 - (21 + -64 + -1)
4
What is -3 + -23 + (25 - 10)?
-11
What is (-34 - 1) + 473 + -454?
-16
Evaluate -7 + 7 - (-5 - -9 - 1).
-3
Evaluate (-15 - (-7 - 0)) + 15.
7
Calculate -135 + 132 + 0 + -6.
-9
Calculate -25 + (-18 - (32 - 95)).
20
What is (1 - -9) + 28 + -39 - (-2 + -3)?
4
What is -2 + -5 - (240 + -214)?
-33
What is the value of (128 - 121) + 1 + -4 + 2?
6
What is the value of (11 + -6 - 3 - (1 + 7)) + 9?
3
Evaluate -11 + 2 + -4 + 6 - -17.
10
What is the value of (-32 - (17 - 31)) + -1 + 7?
-12
What is 17 - -1 - (10 + -5 + (7 - 7))?
13
What is -8 - (6 - (20 + -10))?
-4
Evaluate 74 + -53 - (-2 - (-9 - 2)).
12
Evaluate 70 - (58 - 14) - 33.
-7
What is the value of -14 + -10 + 16 + 1 + 6?
-1
Calculate -3 + -7 + 9 + -3 + -2 + 28.
22
19 + (28 + -16 - 19)
12
What is the value of 71 + -72 - (-1 - 0) - 18?
-18
What is the value of -7 - (-23 + 11) - (-5 - 1)?
11
Evaluate -28 + 69 + (-31 - -9).
19
What is (-24 + 18 - -38) + -41?
-9
21 - (16 + -7 - (-4 - -3 - -7))
18
(-18 - (-2 + 0)) + (83 - 39)
28
-14 + 35 + -17 - 19
-15
What is -18 - (-110 + 97 + (4 - 18))?
9
Evaluate (16 - 14) + -41 + 27.
-12
What is (378 - 382) + (0 - -14) + 11?
21
Calculate (3 + -13 - -13) + 1 + (-17 - 4).
-17
What is the value of -6 - (5 + (-7 + 10 - (4 - 4)))?
-14
-1 - 3 - (2 - 8) - (-6 - -13)
-5
What is (-2 - -2) + (87 - 82)?
5
-4 + (2 - -5 - (-3 - (-3 - 4)))
-1
What is the value of (14 - (2 - -25)) + 1?
-12
Calculate 2 + 3 + 2 + (-3 - 24) + 25.
5
Evaluate -24 - (-23 - 7) - (13 - 1).
-6
Calculate (-101 - -115) + (-2 - 12).
0
What is the value of (-12 - (-20 + -8)) + -12?
4
Evaluate -2 - (5 + -28 + (4 - -10)).
7
-10 + 10 + -8 - (-7 - -8 - 13)
4
Calculate 8 - (-2 - -9 - 3) - (8 + -1).
-3
Evaluate (210 - 181) + -1 + -1 + 0.
27
What is 4 + (773 + -755 - (-1 + (0 - 2)))?
25
Calculate 8 - (-30 - -74 - 28).
-8
What is (-17 - -30) + (-43 - 2)?
-32
What is the value of 2 - 2 - -13 - 6?
7
What is -2 + (-3 + 18 - ((-2 - 2) + 0))?
17
What is -8 + -3 + 8 + -3 + 2?
-4
(-6 - (-1 - (16 - -3))) + -13
1
Calculate (-3 - (4 + 0)) + (196 - 165).
24
What is (3 + -5 - (-8 + 8)) + 9?
7
What is the value of 6 + (4 - 4 - (-1 - -4) - 1)?
2
What is the value of -6 + -6 + 11 + -5 - (15 - -1)?
-22
What is the value of -3 - ((1 - -11) + -6 + (-2 - 0))?
-7
Calculate (3 - 5) + (81 - 62).
17
Evaluate 8 + -19 - -17 - (49 - 26).
-17
What is the value of -51 - ((25 + -1 - 35) + -3 + 2)?
-39
Calculate 20 - (48 - (46 - 9)).
9
Evaluate -21 + (13 - -2) + -4 + -1.
-11
Evaluate 14 + -5 + 14 + 1 + -53 + 48.
19
What is -1 + 1 - (-1 + -1) - (62 - 40)?
-20
What is the value of -7 - -19 - ((19 - 0) + 10)?
-17
Evaluate -8 - (-6 + -30 + (-2 - -1)) - 7.
22
What is the value of 2 + (22 + -12 + 13 - 5)?
20
Evaluate (-20 + 8 - -7) + -4.
-9
What is -4 + 10 - 16 - -7 - -7?
4
Evaluate 17 + (-35 - (11 - 10)) - 13.
-32
11 + (3 - (-12 - -11))
15
2 + 11 + -7 + 7 - -9
22
What is the value of -3 - (7 + -1 + 66 + -62)?
-13
What is the value of -3 - (-4 + 1) - (5 - 12 - 3)?
10
Evaluate 4 - (15 - -4) - -13 - (24 + -1).
-25
What is the value of 17 + -8 + (8 - 5) + 6 + -1?
17
What is 0 + (5 - (-18 - -13))?
10
What is -5 - (15 + -29 - -5)?
4
What is the value of 28 - 3 - (-17 + -4 + 24)?
22
36 - (25 - 3) - (-4 + 3)
15
What is 268 + -285 - (0 + 0)?
-17
1 - 4 - (-14 - -15 - 4)
0
6 - 13 - (10 + -6 + 0)
-11
Calculate -28 + 2 + 3 - (0 - (0 - -2)).
-21
What is -7 + 5 + -4 + 16?
10
Evaluate -44 - (133 + -178) - (-2 - (2 + 1)).
6
What is the value of 6 + 3 + -1 + (-31 - (-5 + -41))?
23
What is -1 + (-5 - 3) - (-27 + 13)?
5
Calculate -11 + (-14 - (-21 + 10)).
-14
Evaluate 3 + (3 - (21 + -9 + -2)).
-4
What is the value of -2 - (2 + -7) - (-316 + 313)?
6
What is (10 - 7) + 0 + -3 + (21 - 6)?
15
Calculate -17 + 2 + -41 + 46.
-10
Evaluate -51 + (1 - 8) + (-36 - -11) + 43.
-40
What is -10 + (-23 + -6 - -19)?
-20
Evaluate 2 - (-84 + 84 - (10 + -1)).
11
What is the value of -20 + 10 - (-12 - (-10 - -17))?
9
(15 - 1) + (-44 - -7 - -28)
5
Calculate (5 + -7 - 0) + (12 - (6 